)*((-11115)/h)/(-15)?
4
Let z = 3827 - 830. What is the tens digit of z?
9
Let s(b) = 34*b + 1187. What is the tens digit of s(0)?
8
Let c = -1280 - -2152. What is the units digit of c?
2
Let o = -527 + 358. Let z = -111 - o. What is the tens digit of z?
5
Suppose -128*v + 626553 = v. What is the hundreds digit of v?
8
Let f(z) = 37*z + 13. Let h be f(4). Suppose h*c + 1560 = 166*c. What is the hundreds digit of c?
3
Let v(a) = 8*a**2 - 4*a - 2. Let m be v(-3). Suppose -m = -3*w - 3*i + i, -10 = -2*i. Suppose -2*j + j = -w. What is the tens digit of j?
2
What is the tens digit of (6/(-9))/((-34)/50745)?
9
Let v = -18 + 12. Let y = v + 1. What is the units digit of (15 + 1)*(y + 6)?
6
Let p(c) = 610*c - 14. What is the hundreds digit of p(3)?
8
Let s(q) = 3*q - 1. Let w be s(9). Suppose h - w = 9. Suppose -2*k - 2*y + 18 = 0, k + 5*y = -2*k + h. What is the units digit of k?
5
What is the hundreds digit of 3/(-3) - 9873/(-9)?
0
Let n(x) = -x**2 + 24*x - 58. Let b be n(21). What is the tens digit of (9/(-12) - b/20) + 122?
2
Suppose 2*g - 37 = 2*l - l, 0 = -3*g + 2*l + 54. Suppose 0 = -d - a - 4*a + 51, 4*a = 2*d - 116. Suppose 4*k - d = -g. What is the units digit of k?
9
Let l be 12/(130/(-828) - 4/(-18)). Let t = 311 - l. What is the hundreds digit of t?
1
Suppose -5*v - 3*t = -125, v + 2*v - 75 = 2*t. Suppose 3*u + u + 4 = -2*w, 4*w - 3*u = v. What is the units digit of (-3)/w - 155/(-4)?
8
Suppose -6*i + 528 = -906. What is the tens digit of i?
3
Let r be 223/2*(-100)/(-25). Suppose -11*k + 9*k = -r. What is the units digit of k?
3
Let t be -1 - -1*(-76)/1. Let g = -10 - t. What is the tens digit of g?
6
Let g = 31 + -30. Let q be g/(0 + 5/20). What is the units digit of (-16)/(-6)*12/q?
8
Let h be ((-9)/(-9))/((-1)/(-4)). Suppose -h*b + 0*b = -128. What is the units digit of b?
2
Suppose k = 2*p - 484, 3*p - 712 = -4*k + 2*k. Suppose -j - 17 + p = 0. What is the units digit of j?
3
Let r(w) = 91*w + 182. Let j be r(-2). Let b be 5*(9/5)/3. Suppose 3*q + f - 5*f = 44, j = b*q + 4*f - 76. What is the tens digit of q?
2
Suppose -2*p + 252 = -282. What is the hundreds digit of p?
2
Suppose -t + 5 = 0, 1015 - 170 = -3*i - 5*t. Let g = -206 - i. What is the units digit of g?
4
Let s = 96 + 672. What is the tens digit of s?
6
Let x = 31 - 21. Let g = 197 - 204. Let q = x - g. What is the units digit of q?
7
Suppose -3*l + h = 3*h - 754, 3*l = h + 766. What is the tens digit of l?
5
Let b = 3018 + -1407. What is the hundreds digit of b?
6
Let l(y) = y**2 + 9*y + 10. Let i be l(-7). Let h be (4/10)/(i/20). What is the units digit of (4/12)/(h/(-90))?
5
Let i = 42 - 50. What is the tens digit of (-9)/(36/i) + 280?
8
Let u(p) = -p**2 + 18*p + 1. Let l(b) = -b**2 + 7*b - 2. Let s be l(3). Let y be u(s). Let h = -51 + y. What is the units digit of h?
0
Let q(u) be the third derivative of u**6/60 - u**3/6 + 4*u**2. Let y be q(-1). Let a = 16 - y. What is the tens digit of a?
1
Let c = 10073 - 5438. What is the thousands digit of c?
4
Suppose -2*s = s + 5*k - 32, -4*k = -3*s - 4. Let h = s - 5. What is the tens digit of 1 + 1/(h/(-23))?
2
Suppose 0 = 12*f - 9*f + 48. What is the tens digit of (-1218)/f + -2*2/32?
7
Let g(o) = -11*o + 127. What is the tens digit of g(0)?
2
Suppose -b + 265 = -m - 992, -3775 = -3*b + 2*m. What is the tens digit of b?
6
What is the hundreds digit of 4/7 - 423016/(-308)?
3
Let r = 12 + -12. Let u(q) = -7*q + 293. What is the tens digit of u(r)?
9
Let d(x) = 49*x - 74. What is the hundreds digit of d(9)?
3
Suppose 3*c + 1196 = 7*c + 4*o, -4*c = 2*o - 1200. What is the tens digit of c?
0
Suppose -2*z + 146 = -0*k + 5*k, 4*z = 5*k + 292. Suppose 3*d - 4*t = -2 + 67, -3*d + z = -2*t. What is the tens digit of d?
2
Suppose 0 = -4*y - z + 13, -3*z + 6 = -4*y + 15. Suppose 21 = -3*v + 6*v + y*j, -4*j = -v - 8. Let r(w) = w**2 - 3*w. What is the units digit of r(v)?
4
Let o = 48 - 46. Suppose o*u = -6, -4*g - 5*u = -460 - 193. What is the units digit of g?
7
Suppose 0 = a + 35*a - 31860. What is the units digit of a?
5
Let m = 9 - 10. Let h be 99/3*(m - -2). Let n = -16 + h. What is the tens digit of n?
1
Suppose -2*d - 2*m - 230 = 0, -3*d - 163 = m + 172. What is the units digit of 14/(-63) + d/(-9)?
2
Suppose -1008 + 230 = -4*s - 3*q, 0 = 3*s - 4*q - 596. What is the hundreds digit of s?
1
Let m(f) be the first derivative of -f**3/3 - 7*f**2/2 + f + 2. What is the units digit of m(-7)?
1
Let k(l) = l + 11. Let r be k(-8). Suppose 0 = r*o + 7*o - 330. What is the units digit of o?
3
What is the units digit of ((-693)/5)/(3/(-10))?
2
Suppose 10 = 7*y - 3*y - u, -2*y - 3*u = 2. What is the units digit of 139/y - (-30)/(-20)?
8
Let w be -2*2/(-1)*2. Let i(t) = t**2 - 9*t + 5. Let s be i(w). What is the tens digit of s + 3*(4 - -3)?
1
Let v = -2 - -29. Let b = -9 + v. Let s = b - -10. What is the tens digit of s?
2
Let f(n) = -n**3 + 2*n**2. Let z be f(2). Suppose -5*b - 187 - 448 = z. What is the units digit of (-16)/40 - b/5?
5
Let k = -93 - -34. Let w = -11 - k. What is the tens digit of w?
4
Let u(m) = 4*m - 5*m**2 - m**3 - 3*m**2 + m**2 + 3*m**2 - 7. Suppose -h = 4*i + 9 + 15, 2*h = -3*i - 18. What is the tens digit of u(i)?
4
Let x be -1 + 3 - (4 + -2). Suppose 0*n - 5*n + 25 = x. What is the units digit of n?
5
Let w(t) = -t**3 + 9*t**2 - 10*t + 16. Let q be w(8). Suppose q = -n - 6 + 45. What is the tens digit of n?
3
Suppose -25*l + 14904 = -13*l. What is the hundreds digit of l?
2
What is the tens digit of (9 + -2)*7806/42?
0
Let t = 129 - -289. What is the hundreds digit of t?
4
Let c be 4/38 - 12/114. Let w be (1*3)/(3/2). Suppose w*u + 17 - 49 = c. What is the units digit of u?
6
Suppose 4124 - 1058 = 14*g. What is the units digit of g?
9
Let n(p) = -p - 5. Let c(s) = s + 1. Let i(t) = 4*c(t) + n(t). Let g(a) = -a + 5. Let b be g(4). What is the units digit of i(b)?
2
Let z(w) = w**2 + 3*w + 2. Let d be z(0). Let r = 2 + -3. What is the units digit of r/d - 273/(-14)?
9
Let j(z) = -z**2 + 8*z + 2. Let t be j(8). Suppose -3*g = -2*g + t. What is the units digit of 3*(4/(-3))/g?
2
Suppose -6*r = -3*i - r + 3, 4*i - 4*r = 4. What is the units digit of 2/i*33/6?
1
Suppose 0 = 4*h - 29*h + 1275. What is the tens digit of h?
5
Let y(f) = -f**3 - f**2 + 23. Let p be y(0). Suppose -3*h - 2*c + 23 = 2*h, -h - 5*c = -p. What is the tens digit of (22/(-6))/(h/(-27))?
3
Let l(r) = 229*r**2 + 4. Let f be l(-2). Suppose -s - y = y - 233, -f = -4*s - 5*y. What is the units digit of s?
5
Let v(i) = -i**2 - i + 193. What is the units digit of v(0)?
3
Suppose -a - 2*y - 8 = -5*a, -2*a + 5*y - 4 = 0. Let w be a - 7/((-14)/36). Let o = 38 - w. What is the units digit of o?
7
Let g(v) = -v + 2. Let d be g(0). Suppose a - 3 = d. Suppose -a*o - 3 = j, 5*o = j + 2*o - 5. What is the units digit of j?
2
Let l(o) = -o**2 - 38*o + 32. What is the hundreds digit of l(-12)?
3
Suppose -30*c + 45*c = 855. What is the units digit of c?
7
Let k = -4453 - -7120. What is the thousands digit of k?
2
Let q = 39 + 47. What is the tens digit of q - (18/12)/(3/4)?
8
Let n be ((-14)/8)/((-92)/(-32) + -3). Suppose 11*j - n*j + 279 = 0. What is the units digit of j?
3
Let x(h) = 158*h - 8. What is the hundreds digit of x(3)?
4
Let i be 6/4*(-132)/(-9). Let x = i + 18. What is the tens digit of x?
4
Suppose 0*p - p = -104. Let c = -48 + p. What is the units digit of c?
6
Let k = -4 - -6. Suppose -1 - k = -c. Suppose 4*l + c*s = 8*s + 53, 2*l - 19 = 5*s. What is the tens digit of l?
1
Let g(x) = -110*x**3 - 24*x - 50. What is the tens digit of g(-2)?
7
Let k = 0 + 4. Let i(r) = -5. Let o(a) = a + 14. Let g(u) = k*o(u) + 11*i(u). What is the units digit of g(1)?
5
What is the tens digit of (-7144335)/(-3105) - (-4)/46?
0
Let d(o) = -o**2 - o. Let k(i) = 5*i**2 - 5*i + 3. Let s(m) = m**3 + 7*m**2 + m + 8. Let q be s(-7). Let y(p) = q*k(p) - 2*d(p). What is the tens digit of y(2)?
2
Let g(i) = i**3 - 6*i**2 - 3. Let u be g(6). What is the tens digit of (-1)/((-334)/111 - u)?
1
Let k(w) be the third derivative of w**5/15 + 7*w**4/24 + 11*w**3/3 - 4*w**2 - 5. What is the units digit of k(-9)?
3
Suppose 4*w + 4*c - 260 = 2*c, 0 = 5*w + 3*c - 324. Suppose 7*j - 3*z - 333 = 3*j, 5*z = -j + w. What is the tens digit of (-9)/j + (-794)/(-18)?
4
Let i(r) = -16*r**3 - 3*r**